ber?
False
Is 22167941 composite?
False
Is 25088251 prime?
False
Is 11739379 a composite number?
False
Is 26874319 composite?
True
Is 83546341 a composite number?
False
Is 3876937 composite?
False
Is 48946181 composite?
True
Is 9941 a prime number?
True
Is 46435637 composite?
False
Is 165007849 composite?
True
Is 3648263 a prime number?
True
Is 2779033 a composite number?
True
Is 767021 a composite number?
True
Is 598793281 a prime number?
False
Is 4281969 a composite number?
True
Is 102401329 a prime number?
False
Is 839249 composite?
True
Is 42405841 a prime number?
False
Is 9205015 prime?
False
Is 14588533 a prime number?
False
Is 171553 prime?
True
Is 53843681 composite?
False
Is 9935381 a prime number?
True
Is 2896903 a prime number?
True
Is 3212009 a composite number?
False
Is 50802907 prime?
True
Is 34279171 a prime number?
False
Is 3956449 a composite number?
True
Is 142845811 a prime number?
True
Is 1760419 prime?
True
Is 49956271 composite?
False
Is 641026 prime?
False
Is 140731747 composite?
True
Is 2655599 a composite number?
True
Is 42993047 a prime number?
True
Is 2522393 a prime number?
True
Is 2771 composite?
True
Is 34830751 prime?
True
Is 3458557 composite?
False
Is 17330903 a composite number?
False
Is 22630721 a prime number?
True
Is 74881861 a composite number?
True
Is 122068519 a prime number?
True
Is 223189 a composite number?
True
Is 14281415 a composite number?
True
Is 93939299 a prime number?
True
Is 2933566 a composite number?
True
Is 16801691 a prime number?
False
Is 132006059 a prime number?
True
Is 1395239 composite?
True
Is 24489551 a composite number?
True
Is 1186849 prime?
False
Is 1140245 a composite number?
True
Is 40539 a composite number?
True
Is 12147107 a prime number?
False
Is 6447983 a prime number?
True
Is 4746139 a composite number?
False
Is 3879913 a composite number?
False
Is 4559041 prime?
True
Is 9404513 composite?
True
Is 5376251 composite?
False
Is 15392867 prime?
False
Is 948445889 a composite number?
False
Is 37020589 a composite number?
False
Is 5778977 composite?
True
Is 5626999 composite?
True
Is 17799206 a composite number?
True
Is 6569077 composite?
True
Is 6720811 composite?
False
Is 8399843 a composite number?
True
Is 33244327 composite?
False
Is 349332213 prime?
False
Is 9262411 composite?
False
Is 6777007 a composite number?
False
Is 1376003 a prime number?
True
Is 125443027 a prime number?
False
Is 17092793 composite?
False
Is 1530751 a prime number?
False
Is 6566617 prime?
True
Is 441317 composite?
True
Is 1066469 a prime number?
False
Is 385291713 a prime number?
False
Is 8657083 a prime number?
False
Is 135910471 composite?
False
Is 293869 composite?
True
Is 2537047 composite?
False
Is 16887251 a composite number?
True
Is 190318385 a prime number?
False
Is 2641337 prime?
True
Is 61866998 composite?
True
Is 21482191 a prime number?
True
Is 139389979 a prime number?
False
Is 3727391 prime?
False
Is 9585869 composite?
False
Is 882823 a prime number?
True
Is 7048859 a prime number?
True
Is 1058653 a composite number?
False
Is 244926527 prime?
True
Is 19284439 prime?
False
Is 40366601 composite?
True
Is 6711797 a prime number?
True
Is 8026399 a composite number?
True
Is 512467 a composite number?
False
Is 1335259 a prime number?
True
Is 17119559 prime?
True
Is 1652627 prime?
True
Is 4743133 composite?
False
Is 248494 a composite number?
True
Is 10357057 a composite number?
False
Is 628292674 a composite number?
True
Is 604069 a prime number?
True
Is 7574747 prime?
True
Is 471450215 a composite number?
True
Is 10409033 composite?
False
Is 702447 composite?
True
Is 1378639 a prime number?
True
Is 12259937 a composite number?
False
Is 9081409 composite?
False
Is 1827115 a prime number?
False
Is 598652479 composite?
True
Is 257555 a prime number?
False
Is 5276483 prime?
True
Is 3491821 composite?
False
Is 18384227 a prime number?
False
Is 38214641 composite?
True
Is 3625429 a prime number?
True
Is 31317493 prime?
True
Is 7088891 prime?
True
Is 1861751 prime?
True
Is 2910319 prime?
True
Is 18576031 prime?
False
Is 2181677 a composite number?
True
Is 209899451 composite?
True
Is 377911 prime?
True
Is 2214939 a composite number?
True
Is 948797 a prime number?
True
Is 1430173 a prime number?
False
Is 915983 composite?
True
Is 40383599 a prime number?
True
Is 406276067 composite?
False
Is 14285449 prime?
True
Is 19590059 composite?
False
Is 112339 composite?
False
Is 22606619 composite?
True
Is 255551977 prime?
True
Is 10625137 composite?
True
Is 9581493 a prime number?
False
Is 89835857 composite?
True
Is 63434627 prime?
True
Is 346763 a prime number?
True
Is 732517 prime?
False
Is 364393217 prime?
False
Is 121834621 prime?
False
Is 2919779 composite?
False
Is 1415261 prime?
False
Is 27901733 a prime number?
True
Is 73945021 prime?
False
Is 213209473 composite?
True
Is 480203 a composite number?
False
Is 1192033 composite?
True
Is 6041701 prime?
True
Is 8215453 a prime number?
True
Is 346194973 a prime number?
False
Is 7024457 a prime number?
False
Is 4415579 a prime number?
False
Is 101886339 a prime number?
False
Is 62683 a prime number?
True
Is 422880329 prime?
False
Is 206749 a composite number?
False
Is 2168442409 a prime number?
False
Is 469501117 composite?
False
Is 10873 composite?
True
Is 14532851 prime?
True
Is 266329 composite?
True
Is 1898801 prime?
True
Is 39184123 composite?
True
Is 5428559 prime?
False
Is 1847969 prime?
True
Is 1650121 prime?
False
Is 1650431 composite?
True
Is 31535587 composite?
True
Is 788582 prime?
False
Is 457019747 composite?
True
Is 989333 a composite number?
True
Is 22272659 a composite number?
True
Is 5878963 composite?
False
Is 14643517 prime?
False
Is 374140067 a prime number?
False
Is 1170383399 a prime number?
True
Is 37689823 composite?
False
Is 45257281 prime?
False
Is 9726287 a prime number?
False
Is 8744413 a prime number?
True
Is 8658409 a composite number?
True
Is 102457741 prime?
True
Is 22110821 prime?
False
Is 31908113 composite?
True
Is 24760261 composite?
False
Is 2061445 a prime number?
False
Is 65947291 composite?
False
Is 2874437 a prime number?
True
Is 104544151 a prime number?
True
Is 443900657 composite?
False
Is 135147763 a composite number?
False
Is 17048737 a composite number?
False
Is 36851677 a composite number?
True
Is 71020361 a prime number?
False
Is 35715847 a prime number?
True
Is 7790213 a prime number?
False
Is 12269191 a composite number?
True
Is 3076187 composite?
True
Is 304000163 composite?
False
Is 3180863 a composite number?
True
Is 13896013 a prime number?
False
Is 28531697 a prime number?
False
Is 394704469 prime?
True
Is 31705858 a composite number?
True
Is 974317 composite?
False
Is 12556981 a composite number?
True
Is 191161 composite?
False
Is 1946491 prime?
False
Is 8728621 a prime number?
False
Is 49897613 composite?
False
Is 1260347 composite?
True
Is 93542461 a prime number?
True
Is 1584085 a composite number?
True
Is 7274951 a prime number?
True
Is 267249 composite?
True
Is 2341589 prime?
True
Is 288796427 a prime number?
False
Is 6804227 a composite number?
False
Is 3946781 a prime number?
False
Is 290777771 prime?
True
Is 207065227 prime?
False
Is 6450131 prime?
True
Is 241653898 composite?
True
Is 6501253 composite?
True
Is 4768661 prime?
True
Is 696133 composite?
True
Is 46300597 a composite number?
True
Is 15087103 a composite number?
True
Is 741163 a prime number?
True
Is 279144329 prime?
True
Is 476618007 a prime number?
False
Is 118968059 prime?
False
Is 11395249 prime?
False
Is 75784983 a prime number?
False
Is 69441833 composite?
False
Is 14210747 a prime number?
False
Is 1930099 a composite number?
False
Is 36514139 a prime number?
True
Is 1472603289 composite?
True
Is 157495381 a prime number?
True
Is 934333 composite?
True
Is 392897 composite?
True
Is 7710181 prime?
False
Is 8127289 a composite number?
False
Is 375888251 composite?
False
Is 44080229 a prime number?
True
Is 11729 a composite number?
True
Is 31566043 composite?
False
Is 161298187 composite?
True
Is 28254541 a composite number?
True
Is 39074303 prime?
False
Is 322816223 a composite number?
False
Is 5719807 prime?
True
Is 9180481 a prime number?
True
Is 494579 composite?
True
Is 8274298 a composite number?
True
Is 4168139 c